{"id":6205,"date":"2020-08-31T13:13:28","date_gmt":"2020-08-31T13:13:28","guid":{"rendered":"http:\/\/www.merkezdistic.com\/?page_id=6205"},"modified":"2020-08-31T13:13:28","modified_gmt":"2020-08-31T13:13:28","slug":"hakkimizda","status":"publish","type":"page","link":"https:\/\/www.merkezdistic.com\/index.php\/hakkimizda\/","title":{"rendered":"Hakk\u0131m\u0131zda"},"content":{"rendered":"\n<p>1987 y\u0131l\u0131ndan beri \u015firketimiz farkl\u0131 t\u00fcrde \u00fcr\u00fcnlerle ilgili ticari faaliyetlerini ba\u015far\u0131l\u0131 bir \u015fekilde devam ettirmektedir. Kimyasal ham madde tedari\u011fi ile ba\u015flayan bu s\u00fcre\u00e7te \u015firketimiz daha sonra \u00fclkemizin en b\u00fcy\u00fck sanayi kurulu\u015flar\u0131 ile \u00e7al\u0131\u015fmaya ba\u015flam\u0131\u015ft\u0131r.<\/p>\n\n\n\n<p>\u015eirketimiz oluklu mukavva sekt\u00f6r\u00fcn\u00fcn ihtiya\u00e7 duydu\u011fu ni\u015fasta tutkal\u0131&nbsp;\u00fcr\u00fcnleri i\u00e7in yetkili bayii ve ihracat\u00e7\u0131s\u0131 olarakticaret hayat\u0131n\u0131 devam ettirmektedir. Ni\u015fkoz Coragum (haz\u0131r ni\u015fasta tutkal\u0131) Ni\u015fkoz Bond (modifiye m\u0131s\u0131r ni\u015fastas\u0131), konsantre ni\u015fasta tutkal\u0131 oluklu mukavva sekt\u00f6r\u00fc i\u00e7in \u00fcretilen ba\u015fl\u0131ca \u00fcr\u00fcnlerdir. \u0130yi organize olmu\u015f , deneyimli pazarlama ekibimizle ve teknik ekibimizle m\u00fc\u015fterilerimizin ihtiya\u00e7lar\u0131n\u0131 kar\u015f\u0131lamaya devam ediyoruz.<\/p>\n\n\n\n<p>Son y\u0131llarda, besicilik sekt\u00f6r\u00fcn\u00fcn ve tavuk yeti\u015ftirme \u00e7iftliklerinin ihtiya\u00e7 duydu\u011fu yem katk\u0131 maddeleri tedarik\u00e7ili\u011fi ile faaliyetlerimizi s\u00fcrd\u00fcrmekteyiz. Bu alanda \u00fclkenin \u00f6nde gelen \u00fcreticileri ile \u00e7al\u0131\u015fmaktay\u0131z. Dikalsiyum fosfat (DCP) , monokalsiyum fosfat (MCP) , monodikalsiyum fosfat (MDCP) gibi ihtiya\u00e7 duyulan \u00fcr\u00fcnlerle m\u00fc\u015fterilerimize hizmet etmekteyiz. Ayr\u0131ca bu sekt\u00f6rde ihtiya\u00e7 duyulan asit ya\u011f , yemlik soya k\u00fcspesi , m\u0131s\u0131r gl\u00fcteni gibi \u00fcr\u00fcnlerin ihracatlar\u0131mda yapmaktay\u0131z.<\/p>\n\n\n\n<p>Pandispanya keki, toz yumurta ,kabartma tozu g\u0131da grubu \u00fcr\u00fcnlerimiz aras\u0131nda yer almaktad\u0131r. Bir\u00e7ok alanda hammadde veya katk\u0131 maddesi olarak kullan\u0131lan fosforik asit, sodyum asit pirofosfat (SAPP) ,sodyum tripolifosfat (STTP) gibi \u00fcr\u00fcnlerlede m\u00fc\u015fterilerimizin farkl\u0131 alanlardaki ihtiya\u00e7lar\u0131na cevap vermekteyiz.<\/p>\n","protected":false},"excerpt":{"rendered":"<p>1987 y\u0131l\u0131ndan beri \u015firketimiz farkl\u0131 t\u00fcrde \u00fcr\u00fcnlerle ilgili ticari faaliyetlerini ba\u015far\u0131l\u0131 bir \u015fekilde devam ettirmektedir. Kimyasal ham madde tedari\u011fi ile ba\u015flayan bu s\u00fcre\u00e7te \u015firketimiz daha sonra \u00fclkemizin en b\u00fcy\u00fck sanayi&#8230;<\/p>\n","protected":false},"author":1,"featured_media":0,"parent":0,"menu_order":0,"comment_status":"closed","ping_status":"closed","template":"","meta":[],"_links":{"self":[{"href":"https:\/\/www.merkezdistic.com\/index.php\/wp-json\/wp\/v2\/pages\/6205"}],"collection":[{"href":"https:\/\/www.merkezdistic.com\/index.php\/wp-json\/wp\/v2\/pages"}],"about":[{"href":"https:\/\/www.merkezdistic.com\/index.php\/wp-json\/wp\/v2\/types\/page"}],"author":[{"embeddable":true,"href":"https:\/\/www.merkezdistic.com\/index.php\/wp-json\/wp\/v2\/users\/1"}],"replies":[{"embeddable":true,"href":"https:\/\/www.merkezdistic.com\/index.php\/wp-json\/wp\/v2\/comments?post=6205"}],"version-history":[{"count":1,"href":"https:\/\/www.merkezdistic.com\/index.php\/wp-json\/wp\/v2\/pages\/6205\/revisions"}],"predecessor-version":[{"id":6207,"href":"https:\/\/www.merkezdistic.com\/index.php\/wp-json\/wp\/v2\/pages\/6205\/revisions\/6207"}],"wp:attachment":[{"href":"https:\/\/www.merkezdistic.com\/index.php\/wp-json\/wp\/v2\/media?parent=6205"}],"curies":[{"name":"wp","href":"https:\/\/api.w.org\/{rel}","templated":true}]}}