{"id":6153,"date":"2020-08-31T11:52:49","date_gmt":"2020-08-31T11:52:49","guid":{"rendered":"http:\/\/www.merkezdistic.com\/?page_id=6153"},"modified":"2022-06-30T07:04:52","modified_gmt":"2022-06-30T07:04:52","slug":"niskoz-coragum","status":"publish","type":"page","link":"https:\/\/www.merkezdistic.com\/index.php\/nisastalar\/niskoz-coragum\/","title":{"rendered":"Ni\u015fkoz Coragum"},"content":{"rendered":"\n<div class=\"wp-block-media-text alignwide has-media-on-the-right is-stacked-on-mobile is-vertically-aligned-top\" style=\"grid-template-columns:auto 47%\"><figure class=\"wp-block-media-text__media\"><img width=\"635\" height=\"969\" src=\"http:\/\/www.merkezdistic.com\/wp-content\/uploads\/2020\/08\/makale-resim.png\" alt=\"\" class=\"wp-image-6230 size-full\" srcset=\"https:\/\/www.merkezdistic.com\/wp-content\/uploads\/2020\/08\/makale-resim.png 635w, https:\/\/www.merkezdistic.com\/wp-content\/uploads\/2020\/08\/makale-resim-197x300.png 197w\" sizes=\"(max-width: 635px) 100vw, 635px\" \/><\/figure><div class=\"wp-block-media-text__content\">\n<h1 id=\"niskoz-coragum\" style=\"font-size:39px\">Coragum<\/h1>\n\n\n\n<p>Ni\u015fkoz Coragum oluklu mukavva sekt\u00f6r\u00fc i\u00e7in vazge\u00e7ilmez bir tutkald\u0131r. Sadece so\u011fuk suyla kar\u0131\u015ft\u0131r\u0131lmak suretiyle kullan\u0131ma haz\u0131r hale geldi\u011finden esnek \u00fcretim yapan fabrikalar i\u00e7in olduk\u00e7a cazip bir \u00e7\u00f6z\u00fcmd\u00fcr. &nbsp;Ni\u015fkoz Coragum temel hammaddesi m\u0131s\u0131r ni\u015fastas\u0131d\u0131r.<\/p>\n\n\n\n<ul><li>\u00dcretim h\u0131z\u0131n\u0131n y\u00fcksek seviyelerde tutulmas\u0131na imkan sa\u011flar.<\/li><li>Tatbik edildi\u011fi y\u00fczeyin yap\u0131\u015fma ve mukavemetini artt\u0131r\u0131r.<\/li><li>Tatbik edildi\u011fi y\u00fczeyin suya kar\u015f\u0131 direncini y\u00fckseltir.<\/li><li>Uygulama maliyetlerini d\u00fc\u015f\u00fcr\u00fcr \u2013 daha az insan g\u00fcc\u00fc gerektirir.<\/li><li>Haz\u0131rlamak i\u00e7in ayr\u0131 \u0131s\u0131 gerektirmezler bu da ilave tasarruf sa\u011flar.<\/li><li>Sirk\u00fclasyon esnas\u0131nda viskozite devaml\u0131 sabit kal\u0131r.<\/li><li>Viskozite ve konsantrasyon a\u00e7\u0131s\u0131ndan oluklu makinesine uyum sa\u011flayabilecek bir esnekli\u011fi vard\u0131r.<\/li><li>Rutubete, di\u011fer yap\u0131\u015ft\u0131r\u0131c\u0131lara k\u0131yasla \u00e7ok daha fazla dayan\u0131kl\u0131d\u0131rlar.<\/li><\/ul>\n\n\n\n<p><\/p>\n\n\n\n<figure class=\"wp-block-table\"><table><tbody><tr><td><strong>Analitik Veriler<\/strong><\/td><td><strong>Birim<\/strong><\/td><td><strong>De\u011fer<\/strong><\/td><\/tr><tr><td>Nem<\/td><td>%<\/td><td>&lt; 13<\/td><\/tr><tr><td>pH<\/td><td>&nbsp;Asidik<\/td><td>11,5 &#8211; 12,5<\/td><\/tr><tr><td>Steinhall Viskozite<\/td><td>ps<\/td><td>55-80<\/td><\/tr><tr><td>Jelle\u015fme Noktas\u0131<\/td><td>C\u00b0<\/td><td>52 &#8211; 56*<\/td><\/tr><\/tbody><\/table><figcaption>*Makine h\u0131z\u0131na g\u00f6re de\u011fi\u015febilir<\/figcaption><\/figure>\n\n\n\n<p><\/p>\n<\/div><\/div>\n\n\n\n<h2 class=\"has-medium-font-size\" id=\"onemli-notlar\"><strong><strong>\u00d6nemli Notlar:<\/strong><\/strong><\/h2>\n\n\n\n<ul><li><strong>Depolama:<\/strong>&nbsp;Kimyasallardan ve kokulu maddelerden uzak, serin ve kuru ortamda depolanmal\u0131d\u0131r<\/li><li><strong>Raf \u00d6mr\u00fc:<\/strong>&nbsp;\u00dcretim tarihinden itibaren 24 ay.<\/li><li><strong>Ambalaj:<\/strong>&nbsp;D\u00f6kme, 25 kg. l\u0131k kraft torba.<\/li><li><strong>\u00dcr\u00fcn Kodlama Sistemi:<\/strong> \u00dcr\u00fcn kodu d\u00f6rt rakamdan olu\u015fur. \u00dcr\u00fcn kodunun ba\u015f\u0131na, D\u00f6kme \u00fcr\u00fcnlerde \u201c0\u201d, 25 kg. torbalarda \u201c6\u201d ve b\u00fcy\u00fck \u00e7uvallarda \u201c3\u201d getirilir.<\/li><li><strong>Tehlike Tan\u0131mlamalar\u0131:<\/strong>&nbsp;Ni\u015fkoz Coragum Konsantre \u2018tehlikeli maddeler\u2019 s\u0131n\u0131f\u0131na girmez. Ni\u015fasta tozunun alevlenme ve patlama riski vard\u0131r. Tozumay\u0131 engellemek \u00fczere ortam\u0131n yeterli derecede havaland\u0131rmas\u0131 gerekir. Yang\u0131n durumunda su uygun ve yeterli bir s\u00f6nd\u00fcr\u00fcc\u00fcd\u00fcr.<\/li><\/ul>\n","protected":false},"excerpt":{"rendered":"<p>Coragum Ni\u015fkoz Coragum oluklu mukavva sekt\u00f6r\u00fc i\u00e7in vazge\u00e7ilmez bir tutkald\u0131r. Sadece so\u011fuk suyla kar\u0131\u015ft\u0131r\u0131lmak suretiyle kullan\u0131ma haz\u0131r hale geldi\u011finden esnek \u00fcretim yapan fabrikalar i\u00e7in olduk\u00e7a cazip bir \u00e7\u00f6z\u00fcmd\u00fcr. &nbsp;Ni\u015fkoz Coragum&#8230;<\/p>\n","protected":false},"author":1,"featured_media":0,"parent":6028,"menu_order":0,"comment_status":"closed","ping_status":"closed","template":"","meta":[],"_links":{"self":[{"href":"https:\/\/www.merkezdistic.com\/index.php\/wp-json\/wp\/v2\/pages\/6153"}],"collection":[{"href":"https:\/\/www.merkezdistic.com\/index.php\/wp-json\/wp\/v2\/pages"}],"about":[{"href":"https:\/\/www.merkezdistic.com\/index.php\/wp-json\/wp\/v2\/types\/page"}],"author":[{"embeddable":true,"href":"https:\/\/www.merkezdistic.com\/index.php\/wp-json\/wp\/v2\/users\/1"}],"replies":[{"embeddable":true,"href":"https:\/\/www.merkezdistic.com\/index.php\/wp-json\/wp\/v2\/comments?post=6153"}],"version-history":[{"count":10,"href":"https:\/\/www.merkezdistic.com\/index.php\/wp-json\/wp\/v2\/pages\/6153\/revisions"}],"predecessor-version":[{"id":6574,"href":"https:\/\/www.merkezdistic.com\/index.php\/wp-json\/wp\/v2\/pages\/6153\/revisions\/6574"}],"up":[{"embeddable":true,"href":"https:\/\/www.merkezdistic.com\/index.php\/wp-json\/wp\/v2\/pages\/6028"}],"wp:attachment":[{"href":"https:\/\/www.merkezdistic.com\/index.php\/wp-json\/wp\/v2\/media?parent=6153"}],"curies":[{"name":"wp","href":"https:\/\/api.w.org\/{rel}","templated":true}]}}