{"id":6141,"date":"2020-08-31T11:39:56","date_gmt":"2020-08-31T11:39:56","guid":{"rendered":"http:\/\/www.merkezdistic.com\/?page_id=6141"},"modified":"2022-06-30T06:58:04","modified_gmt":"2022-06-30T06:58:04","slug":"ham-nisasta","status":"publish","type":"page","link":"http:\/\/www.merkezdistic.com\/index.php\/nisastalar\/ham-nisasta\/","title":{"rendered":"Ham Do\u011fal M\u0131s\u0131r Ni\u015fastas\u0131"},"content":{"rendered":"\n<div class=\"wp-block-media-text alignwide has-media-on-the-right is-stacked-on-mobile is-vertically-aligned-top\" style=\"grid-template-columns:auto 47%\"><figure class=\"wp-block-media-text__media\"><img width=\"635\" height=\"969\" src=\"http:\/\/www.merkezdistic.com\/wp-content\/uploads\/2020\/08\/makale-resim.png\" alt=\"\" class=\"wp-image-6230 size-full\" srcset=\"http:\/\/www.merkezdistic.com\/wp-content\/uploads\/2020\/08\/makale-resim.png 635w, http:\/\/www.merkezdistic.com\/wp-content\/uploads\/2020\/08\/makale-resim-197x300.png 197w\" sizes=\"(max-width: 635px) 100vw, 635px\" \/><\/figure><div class=\"wp-block-media-text__content\">\n<p style=\"font-size:30px\"><strong>Ham Do\u011fal M\u0131s\u0131r Ni\u015fastas\u0131<\/strong><\/p>\n\n\n\n<p class=\"has-medium-font-size\" id=\"block-7ee97c86-b1db-4c43-bfbd-3bf9a7c6bbed\"><br>Ham m\u0131s\u0131r ni\u015fastas\u0131, m\u0131s\u0131r\u0131n ya\u015f \u00f6\u011f\u00fctme i\u015fleminden ge\u00e7irilmesiyle elde edilir s\u0131ras\u0131nda elde edilen saf beyaz ni\u015fastad\u0131r. Oluklu mukavva \u00fcretiminde muazzam miktarda m\u0131s\u0131r ni\u015fastas\u0131 kullan\u0131l\u0131r. Do\u011fal ni\u015fasta, boraks, sodyum hidroksit ve su kar\u0131\u015f\u0131m\u0131, pi\u015fmi\u015f ni\u015fasta (ta\u015f\u0131y\u0131c\u0131) macunu i\u00e7inde s\u00fcspanse edilir. Zamk yiv u\u00e7lar\u0131na uyguland\u0131ktan ve ard\u0131ndan \u0131s\u0131t\u0131ld\u0131ktan sonra, do\u011fal ni\u015fasta yerinde jelatinle\u015fir. Jelatinle\u015fen ni\u015fasta, oluklu bir ka\u011f\u0131t \u015feridini ve p\u00fcr\u00fczs\u00fcz y\u00fczeyli bir astar\u0131 birbirine ba\u011flar.<\/p>\n\n\n\n<ul><li>Viskozitede kararl\u0131l\u0131\u011f\u0131n sa\u011flanmas\u0131 i\u00e7in kullan\u0131l\u0131r.<\/li><li>Kar\u0131\u015ft\u0131r\u0131lma ya da yiv u\u00e7lar\u0131n\u0131n yap\u0131\u015ft\u0131r\u0131lmas\u0131 s\u00fcrecinde s\u0131\u00e7ramay\u0131 engeller.<\/li><li>Ekonomik ve yerel form\u00fclasyonlara olanak tan\u0131r.<\/li><li>Ka\u011f\u0131t ve tekstil \u00fcretiminde ha\u015f\u0131llama safhas\u0131nda yayg\u0131n olarak kullan\u0131l\u0131r<\/li><\/ul>\n<\/div><\/div>\n\n\n\n<h1 class=\"has-medium-font-size\" id=\"onemli-notlar\"><strong><em>\u00d6nemli Notlar:<\/em><\/strong><\/h1>\n\n\n\n<ul><li><strong>Depolama:<\/strong>&nbsp;Kimyasallardan ve kokulu maddelerden uzak, direkt zemine temas etmeyen serin ve kuru bir ortamda<\/li><li><strong>Raf \u00d6mr\u00fc:<\/strong>&nbsp;\u00dcretim tarihinden itibaren 24 ay.<\/li><li><strong>Ambalaj:<\/strong>&nbsp;D\u00f6kme, 25 kg. l\u0131k kraft torba<\/li><li><strong>\u00dcr\u00fcn Kodlama Sistemi:<\/strong> \u00dcr\u00fcn kodu d\u00f6rt rakamdan olu\u015fur. \u00dcr\u00fcn kodunun ba\u015f\u0131na, D\u00f6kme \u00fcr\u00fcnlerde \u201c0\u201d, 25 kg. torbalarda \u201c6\u201d ve b\u00fcy\u00fck \u00e7uvallarda \u201c3\u201d getirilir.<\/li><li><strong>Tehlike Tan\u0131mlamalar\u0131:<\/strong>&nbsp;Ni\u015fasta tozunun alevlenme ve patlama riski vard\u0131r. Tozumay\u0131 engellemek \u00fczere ortam\u0131n yeterli derecede havaland\u0131rmas\u0131 gerekir. Yang\u0131n durumunda su uygun ve yeterli bir s\u00f6nd\u00fcr\u00fcc\u00fcd\u00fcr.<\/li><\/ul>\n","protected":false},"excerpt":{"rendered":"<p>Ham Do\u011fal M\u0131s\u0131r Ni\u015fastas\u0131 Ham m\u0131s\u0131r ni\u015fastas\u0131, m\u0131s\u0131r\u0131n ya\u015f \u00f6\u011f\u00fctme i\u015fleminden ge\u00e7irilmesiyle elde edilir s\u0131ras\u0131nda elde edilen saf beyaz ni\u015fastad\u0131r. Oluklu mukavva \u00fcretiminde muazzam miktarda m\u0131s\u0131r ni\u015fastas\u0131 kullan\u0131l\u0131r. Do\u011fal ni\u015fasta,&#8230;<\/p>\n","protected":false},"author":1,"featured_media":0,"parent":6028,"menu_order":0,"comment_status":"closed","ping_status":"closed","template":"","meta":[],"_links":{"self":[{"href":"http:\/\/www.merkezdistic.com\/index.php\/wp-json\/wp\/v2\/pages\/6141"}],"collection":[{"href":"http:\/\/www.merkezdistic.com\/index.php\/wp-json\/wp\/v2\/pages"}],"about":[{"href":"http:\/\/www.merkezdistic.com\/index.php\/wp-json\/wp\/v2\/types\/page"}],"author":[{"embeddable":true,"href":"http:\/\/www.merkezdistic.com\/index.php\/wp-json\/wp\/v2\/users\/1"}],"replies":[{"embeddable":true,"href":"http:\/\/www.merkezdistic.com\/index.php\/wp-json\/wp\/v2\/comments?post=6141"}],"version-history":[{"count":21,"href":"http:\/\/www.merkezdistic.com\/index.php\/wp-json\/wp\/v2\/pages\/6141\/revisions"}],"predecessor-version":[{"id":6566,"href":"http:\/\/www.merkezdistic.com\/index.php\/wp-json\/wp\/v2\/pages\/6141\/revisions\/6566"}],"up":[{"embeddable":true,"href":"http:\/\/www.merkezdistic.com\/index.php\/wp-json\/wp\/v2\/pages\/6028"}],"wp:attachment":[{"href":"http:\/\/www.merkezdistic.com\/index.php\/wp-json\/wp\/v2\/media?parent=6141"}],"curies":[{"name":"wp","href":"https:\/\/api.w.org\/{rel}","templated":true}]}}